) = 3*l**2 + 1. Let q(k) = -9*w(k) + 2*z(k). Calculate q(2).
-7
Let o(z) = z - 3. Suppose -s = -2 - 3. Determine o(s).
2
Suppose -y = 2*s + 6, 5*y - 2*s + 0*s - 30 = 0. Let n be -2*y*(-2)/(-4). Let a(b) be the first derivative of b**4/4 + b**3 - 3*b**2/2 - 3*b - 3. What is a(n)?
-7
Let o(b) = b + 19. Let x be o(-19). Let f(a) be the third derivative of 1/120*a**6 - 1/8*a**4 + x*a - 5*a**2 + a**3 + 0 + 1/15*a**5. Calculate f(-5).
-4
Suppose 2*t + 3 = -3*w, -2*t = 3*w - 5*w + 8. Let o(l) = 3*l**3 - l**2 + l. Calculate o(w).
3
Let q(z) = -z**3 - 5*z**2 + 2*z + 1. Suppose 4*j = c - 23 + 6, 5*c = -15. Give q(j).
-9
Let d(l) = -l**2 - 5*l + 6 - 3 + 0. Let g be (-28)/(-5)*(-10)/(-4). Let p = 9 - g. What is d(p)?
3
Let i(o) = -5*o + 8. Let w(j) = 6*j - 7. Let s(m) = 3*i(m) + 4*w(m). Let a(k) = -18*k + 9. Let q(x) = -3*a(x) - 7*s(x). Determine q(-1).
10
Let t = -13 - -12. Let h be 1 - ((1 - 4) + -1). Let c(g) = -h*g + g - g. Determine c(t).
5
Let f(q) = -7*q + 3. Let l(c) = 6*c - 3. Let b(o) = 4*f(o) + 5*l(o). Calculate b(8).
13
Let k(u) = 9*u + 13. Let d(f) = 8*f + 11. Let r(b) = 5*d(b) - 4*k(b). Suppose 4*o = -0*o - 8. Calculate r(o).
-5
Let y = -1201 + 1206. Let j(k) = 5*k**2 - 31*k - 1. Let w(v) = -v**2 + 6*v. Let d(c) = 2*j(c) + 11*w(c). Determine d(y).
-7
Let i(j) = 0*j**2 - j**2 - 10 + 7 - j**3. Determine i(0).
-3
Let n(z) = -z**2 - 4*z + 5. Let j be n(-4). Let a(y) = -j + 2*y + 1 - 5 + 13. What is a(-6)?
-8
Let b(z) = -z - 15 + 16 - 2*z. Determine b(-1).
4
Let f(k) = -k**2 - 5. Suppose 6 = o + 2*o. Suppose 0 = r + 3*z + 4 + 2, 5*r - 4 = o*z. Let l be (r + -3 - -3)/(-3). Calculate f(l).
-5
Let z(p) = -p**3 - 4 - p - 3*p + 3*p**2 + 1. Let k(v) = 2*v**3 - 7*v**2 + 8*v + 7. Let n(s) = 3*k(s) + 5*z(s). Let b be -2*(-3)/2 - -2. What is n(b)?
1
Let a(g) = -g**2 + 4*g + 5. Let h(z) = z**3 + 7*z**2 - 9*z - 6. Let y be h(-8). Suppose -5*p + y*p + 15 = 0. Calculate a(p).
0
Suppose 0 = 5*t + 2*z - 11, -3*t - 4*z + 17 = 2*t. Let k = 16 - 14. Let n(x) = -4*x**2 - 2*x + 4*x**2 - 3*x**k + x. Give n(t).
-4
Let v(l) = l**2 - 5*l**2 + 3*l**2 + 3 + 3 + 6*l. Give v(6).
6
Let n(m) = -14*m**3 + 11*m**2 - 26*m - 14. Let p(y) = -5*y**3 + 4*y**2 - 9*y - 5. Let g(q) = 6*n(q) - 17*p(q). Give g(3).
1
Let m(v) = -2*v - 2. Let p be ((-9)/27)/(2/(-30)). Suppose 3*b - 12 = 0, 5*g + 5*b - 5 = p. What is m(g)?
2
Suppose 2*a = -5*a + 14. Let d(q) = q**3 - q**2 - 2*q + 2. What is d(a)?
2
Suppose -m = 5*m. Let n(g) = -g**2 - 2. Calculate n(m).
-2
Suppose 3*j + j - 16 = 0. Let t(c) be the first derivative of c**5/60 - c**4/6 - c**3/2 - 4*c**2 + 6. Let k(w) be the second derivative of t(w). What is k(j)?
-3
Let s(k) = 4 + 3*k - 2*k - 4 - 4. Give s(5).
1
Let v(h) be the third derivative of -h**6/120 + h**5/10 + h**4/8 - 4*h**3/3 - 3*h**2. What is v(6)?
10
Let t(d) = -2*d + 1. Let p be t(5). Let z = -5 - p. Let u(n) = -n - 3 + z*n - 4*n. Determine u(-4).
1
Let x(h) be the second derivative of 1/2*h**3 + 0 - h**2 - 1/20*h**5 + 2*h - 1/6*h**4. Give x(-3).
-2
Let v(p) be the second derivative of -p**4/12 + p**3/3 + 7*p**2/2 + p. Let o = 505 + -500. Determine v(o).
-8
Let j(p) = 3*p - 1 + p - 3*p. Let w be j(2). Suppose 4*u - w = 3. Let s(y) = -y**3 + y**2 - 1. Determine s(u).
-1
Let r(o) = o + 1. Let g be r(-3). Let l(b) = 3*b + 3. Let w be l(g). Let v(h) = h**3 + 4*h**2 + 2*h - 2. What is v(w)?
1
Let c(a) = -a**2 - 3*a. Let k(w) = 3*w**2 - 2*w + 1. Let r be k(1). Let n(b) = b**3 + 6*b**2 + 4*b + 1. Let x be n(-5). Let l be (-4 - -3)/(r/x). Give c(l).
0
Let q(f) = -3*f - 2. Let h = -4 - -4. Let w be -1 + 3 - (-2 - h). Suppose 4*r - g - 2 = -9, 3*r = -w*g - 10. Determine q(r).
4
Let k(v) = 3*v**3 + 5*v**2 + 9*v + 13. Let a(d) = 2*d**3 + 3*d**2 + 6*d + 9. Suppose -7 + 0 = -n. Let c(o) = n*a(o) - 5*k(o). What is c(-4)?
10
Let x(v) = -2*v - 1. Let t be x(-1). Let f(s) = 10*s**3 + 4*s**2 - 3. Let r(b) = 11*b**3 + 5*b**2 - 4. Let h(g) = -5*f(g) + 4*r(g). Determine h(t).
-7
Let o be ((-9)/6)/(1/(-2)). Let f(q) = 13*q - 16. Let i(t) = -3*t + 4. Let c(m) = 2*f(m) + 9*i(m). Give c(o).
1
Suppose 10*m - 5*m + 11 = -t, 2*m + 10 = t. Let h = t + -7. Let k(w) = -w**3 - 4*w**2 - w - 2. What is k(h)?
-8
Let v(h) = 2*h - 1. Let k(x) = -x + 1. Let c(g) = 3*k(g) + v(g). Determine c(4).
-2
Let f(i) = -12*i - 3. Let c(p) = 13*p + 3. Let q(k) = -4*c(k) - 5*f(k). Let z(n) = -25*n - 10. Let x(b) = -10*q(b) - 3*z(b). What is x(2)?
-10
Let y(h) be the first derivative of 0*h - 1/3*h**3 - 1 + 2*h**2. What is y(4)?
0
Let f be 6 + (1 + -1)/2. Let k be 0 + (5 - f/3). Let o(z) be the second derivative of z**5/20 - z**4/6 - z**3/2 - z**2 + z. Determine o(k).
-2
Let k(i) = i**3 + 10*i**2 + 2. Let r(u) = -u**3 - 9*u**2 - u - 1. Let v(a) = 3*k(a) + 4*r(a). Calculate v(-5).
-3
Let p(s) = -5*s**2 + 2*s + 2. Let y(r) = r**2 + r - 1. Let k(x) = -p(x) - 4*y(x). Suppose -m - 3*h = 3, -5*m + 4*h = -18 - 24. Determine k(m).
2
Let i(d) = d + 7. Let b be i(-6). Let p(y) = 1 + 3*y**2 - 1 - 1. Calculate p(b).
2
Let a(z) = 3*z. Let n = -10 + 4. Let m be (-3)/n*-2 - -1. Let r = m - 1. Calculate a(r).
-3
Let a(t) = -2*t + 2. Let n(f) = f**2 + 12*f + 2. Let q be n(-12). Suppose 4 = 2*s - q. What is a(s)?
-4
Let r(h) = -5*h - 6. Let s = 0 - 1. Let g(j) = 1 - 3 + 3 - 2. Let i(y) = s*r(y) + 5*g(y). Calculate i(1).
6
Let d(s) = s**2 - 2*s - 10. Let r be d(-5). Suppose 5 + r = 5*h. Let f(g) = g**2 - 6*g - 3. Calculate f(h).
-3
Suppose 26 = -8*y - 14. Let d(a) = -3*a**2 - 2*a**2 + 5 + 0*a**3 - a**3. Determine d(y).
5
Let h(u) = -u + 3. Suppose -2*x - x - 9 = 0. Let n be -4 - 2*x/(-6). Determine h(n).
8
Suppose 0 = -2*k - k + 15. Let d(a) = -2*a**3 - 3*a - 2. Let y be d(-1). Let g(p) = p**y + 0*p**3 + 3 - 12*p - 5*p**2 + 11*p. Give g(k).
-2
Let b(o) = o + o**3 - 5 + 6*o**2 + o + 4*o. Suppose 2*y + 15 = -3*y - 3*v, 0 = -v - 5. Suppose 2*i + 0*u + 12 = -u, y = -4*i - u - 22. What is b(i)?
-10
Let r(s) = s**3 + 3*s**2 - 3*s + 2. Let y be r(-3). Let a = y + -11. Let j(g) = -g**3 - g + 1. What is j(a)?
1
Let i(j) = j**2 - j - 2. Suppose 4*b = 5*o - 22 + 7, 0 = b + o - 3. Calculate i(b).
-2
Let b(y) be the second derivative of -y + 1/4*y**5 - 1/2*y**2 - 1/12*y**4 + 0 - 1/3*y**3. Calculate b(-1).
-5
Let j(d) = d - 7. Suppose 8 = 2*z - 8. Calculate j(z).
1
Suppose -4*o + 7*o = -3*f, -2 = o. Let k(n) = -2*n - 2. Determine k(f).
-6
Let b be (-22)/(-12) - (-14)/84. Let z(q) = q**3 - 4*q**2 + 2*q + 2. Give z(b).
-2
Let y be 4/16 - 15/(-4). Let n(v) = v - 3. Let i be n(6). Let u(m) = 4*m - 2*m**2 - m**i + y*m - 6*m. Give u(-3).
3
Let m(n) = 16*n**3 - 15*n**2 + 4*n - 5. Let k(x) = -3*x**3 + 3*x**2 - x + 1. Let q(a) = -11*k(a) - 2*m(a). Give q(2).
1
Suppose -u = w - 3, 3*w + w = 4*u - 44. Let b(m) = -2*m**3 + 3*m**2 - 7 + m**3 + 4*m**2. What is b(u)?
-7
Let c(m) = -1. Let r(y) = 5*y**2 - y + 4. Let l(t) = -3*c(t) - r(t). Suppose -3*j = -5*x + 18 - 4, -5*x - 5*j - 10 = 0. Calculate l(x).
-5
Suppose 0 = 2*y + 2*k + 18, -2*y - k = -4*k - 2. Let d(z) = 6 - 17*z**2 - 4*z - 2 + z**3 + 21*z**2. What is d(y)?
-1
Let a(y) = 3*y + 6. Suppose 9*l - 3*r = 4*l - 14, -l = r + 6. Determine a(l).
-6
Let t = 100 + -97. Let d(g) = -g**3 + 2*g**2. What is d(t)?
-9
Let n(t) = 1 - 4 + 2 - t. Let q = 3 + -13. Let a be 62/22 - q/55. Calculate n(a).
-4
Let r be (-2)/((-2)/(-9)) + 1. Let b be (2/3)/(r/(-24)). Let x(u) = b*u + 4 - 3 + 2. Calculate x(-5).
-7
Let q be ((-2)/(-1) + -1)/((-2)/(-10)). Let y(k) = -k**2 + 4*k - 3. Calculate y(q).
-8
Let u be 40/(-35)*(-14)/4. Let j(r) = 0*r**2 + 3*r + r**2 - 1 - 2*r - u*r**2. Give j(2).
-11
Let z(p) = 2*p - 6. Suppose -4*j + 3*g + 2*g + 15 = 0, -j = -2*g - 3. Calculate z(j).
4
Suppose 4 = -k + 5*k. Let m(u) = 3*u**3 + 2*u + 3. Let b(z) = -4*z**3 - z**2 - 3*z - 4. Let f(t) = -2*b(t) - 3*m(t). Calculate f(k).
0
Suppose 23 - 2 = -i + 4*k, 2*i - 2*k = -12. Let v = i + -5. Let q(s) = s + 12. Determine q(v).
6
Let k(j) = j - 7. Suppose 2*r = -r - 2*b + 30, r = b + 5. Give k(r).
1
Let o(q) = -q + 5. Suppose -4*r + 49 - 13 = 0. Let a = -13 + r. Give o(a).
9
Let y(s) = s**3 - 4*s**2 + s. Let j be (-2 - -9) + 1*-1. Suppose -o + j + 3 = 0. Suppose t + t = 10, -o = 4*c - 5*t. Give y(c).
4
Let q(c) = c**2 - c - 1. Let p(r) = r. Let f(h) = 2*p(h) + q(h). Let u(d) = -d**3 + 10*d**2 + 4*d - 7. Let w(l) = 4*f(l) - u(l). Determine w(6).
3
Let b(p) = -3*p -